{"id":80,"date":"2017-10-22T19:53:01","date_gmt":"2017-10-22T17:53:01","guid":{"rendered":"http:\/\/fabienne-weber.be\/?page_id=80"},"modified":"2023-01-09T13:35:59","modified_gmt":"2023-01-09T12:35:59","slug":"la-liberation-du-pericarde","status":"publish","type":"page","link":"https:\/\/fabienne-weber.be\/index.php\/soins\/la-liberation-du-pericarde\/","title":{"rendered":"La lib\u00e9ration du p\u00e9ricarde"},"content":{"rendered":"<p style=\"text-align: center;\"><img decoding=\"async\" loading=\"lazy\" class=\"size-full wp-image-831 aligncenter\" src=\"https:\/\/fabienne-weber.be\/wp-content\/uploads\/2019\/05\/slide03.jpg\" alt=\"\" width=\"1024\" height=\"454\" srcset=\"https:\/\/fabienne-weber.be\/wp-content\/uploads\/2019\/05\/slide03.jpg 1024w, https:\/\/fabienne-weber.be\/wp-content\/uploads\/2019\/05\/slide03-300x133.jpg 300w, https:\/\/fabienne-weber.be\/wp-content\/uploads\/2019\/05\/slide03-768x341.jpg 768w\" sizes=\"(max-width: 1024px) 100vw, 1024px\" \/><\/p>\n<p style=\"text-align: center;\">LA LIB\u00c9RATION DU P\u00c9RICARDE<\/p>\n<p style=\"text-align: center;\"><strong>\u00ab Si nous sommes dans le c\u0153ur nous ne sommes plus dans nos peurs \u00bb<\/strong><\/p>\n<h3><span style=\"color: #993300;\"><strong>Le p\u00e9ricarde est l&rsquo;enveloppe du c\u0153ur.<\/strong><\/span><\/h3>\n<h4>Il le soutient et le prot\u00e8ge des chocs non seulement physiques mais aussi \u00e9motionnels.<\/h4>\n<h4>A chaque \u00e9motion, peur, stress, \u2026 sa contraction va se r\u00e9percuter sur tout notre organisme et perturber tous les syst\u00e8mes du corps provoquant beaucoup de pathologies dites psychosomatiques.<\/h4>\n<h4>Apr\u00e8s une s\u00e9ance, le p\u00e9ricarde se lib\u00e8re de ses tensions. Il reprend son expansion.<\/h4>\n<h4>L\u2019<strong>\u00e9nergie circule<\/strong> \u00e0 nouveau et les facult\u00e9s d&rsquo;auto-gu\u00e9rison de la personne se remettent en action.<\/h4>\n<h4>Les syst\u00e8mes organiques reprennent leurs <strong>\u00e9quilibres<\/strong> fonctionnels sur les plans circulatoire, respiratoire, neuronal, lymphatique, immunitaire etc.\u2026<\/h4>\n<h3><\/h3>\n<h3><span style=\"color: #993300;\"><strong>Les bienfaits<\/strong><\/span><\/h3>\n<h4>Se connecter \u00e0 la libert\u00e9 d\u2019\u00caTRE qui nous sommes, \u00e0 la joie. D\u00e9nouer les n\u0153uds, les impacts \u00e9motionnels et permettre \u00e0 l\u2019\u00e9nergie vitale de circuler librement. Les relations avec l\u2019autre trouveront, ou retrouveront, un nouvel espace. D\u00e8s la premi\u00e8re s\u00e9ance, vous devriez ressentir une grande d\u00e9tente, un l\u00e2cher prise et une sensation de libert\u00e9.<\/h4>\n<h4><em>Form\u00e9e par Montserrat Gascon<\/em><\/h4>\n<h4><span style=\"color: #993300;\"><strong>Soin de lib\u00e9ration du P\u00e9ricarde (humain) : 1h &#8211; 70 \u20ac<\/strong><\/span><\/h4>\n<h4><span style=\"color: #993300;\"><strong>Soin de lib\u00e9ration du P\u00e9ricarde (humain &amp; \u00e9quin) : 1h45 &#8211; 120\u20ac (ce prix comprend les 2 soins +20\u20ac pour<\/strong><b><strong>\u00a0le trajet)\u00a0<\/strong><\/b><\/span><\/h4>\n<h4><span style=\"color: #993300;\"><strong>Soin de lib\u00e9ration du P\u00e9ricarde (humain &amp; chien) : 1h30 &#8211; 110\u20ac \u00e0 Uccle (ce prix comprend les 2 soins)<\/strong><\/span><\/h4>\n<p style=\"text-align: center;\"><img decoding=\"async\" loading=\"lazy\" class=\"wp-image-1648 size-full aligncenter\" src=\"https:\/\/fabienne-weber.be\/wp-content\/uploads\/2022\/12\/P1033399.jpg\" alt=\"\" width=\"1600\" height=\"902\" srcset=\"https:\/\/fabienne-weber.be\/wp-content\/uploads\/2022\/12\/P1033399.jpg 1600w, https:\/\/fabienne-weber.be\/wp-content\/uploads\/2022\/12\/P1033399-300x169.jpg 300w, https:\/\/fabienne-weber.be\/wp-content\/uploads\/2022\/12\/P1033399-1024x577.jpg 1024w, https:\/\/fabienne-weber.be\/wp-content\/uploads\/2022\/12\/P1033399-768x433.jpg 768w, https:\/\/fabienne-weber.be\/wp-content\/uploads\/2022\/12\/P1033399-1536x866.jpg 1536w\" sizes=\"(max-width: 1600px) 100vw, 1600px\" \/><\/p>\n","protected":false},"excerpt":{"rendered":"<p>LA LIB\u00c9RATION DU P\u00c9RICARDE \u00ab Si nous sommes dans le c\u0153ur nous ne sommes plus dans nos peurs \u00bb Le p\u00e9ricarde est l&rsquo;enveloppe du c\u0153ur. Il le soutient et le prot\u00e8ge des chocs non seulement physiques mais aussi \u00e9motionnels. A &hellip; <a href=\"https:\/\/fabienne-weber.be\/index.php\/soins\/la-liberation-du-pericarde\/\">Lire la suite\u00ad\u00ad<\/a><\/p>\n","protected":false},"author":1,"featured_media":0,"parent":74,"menu_order":0,"comment_status":"closed","ping_status":"closed","template":"","meta":{"kt_blocks_editor_width":""},"_links":{"self":[{"href":"https:\/\/fabienne-weber.be\/index.php\/wp-json\/wp\/v2\/pages\/80"}],"collection":[{"href":"https:\/\/fabienne-weber.be\/index.php\/wp-json\/wp\/v2\/pages"}],"about":[{"href":"https:\/\/fabienne-weber.be\/index.php\/wp-json\/wp\/v2\/types\/page"}],"author":[{"embeddable":true,"href":"https:\/\/fabienne-weber.be\/index.php\/wp-json\/wp\/v2\/users\/1"}],"replies":[{"embeddable":true,"href":"https:\/\/fabienne-weber.be\/index.php\/wp-json\/wp\/v2\/comments?post=80"}],"version-history":[{"count":65,"href":"https:\/\/fabienne-weber.be\/index.php\/wp-json\/wp\/v2\/pages\/80\/revisions"}],"predecessor-version":[{"id":1696,"href":"https:\/\/fabienne-weber.be\/index.php\/wp-json\/wp\/v2\/pages\/80\/revisions\/1696"}],"up":[{"embeddable":true,"href":"https:\/\/fabienne-weber.be\/index.php\/wp-json\/wp\/v2\/pages\/74"}],"wp:attachment":[{"href":"https:\/\/fabienne-weber.be\/index.php\/wp-json\/wp\/v2\/media?parent=80"}],"curies":[{"name":"wp","href":"https:\/\/api.w.org\/{rel}","templated":true}]}}

La libération du péricarde

<p style="text-align: center;"><img decoding="async" loading="lazy" class="size-full wp-image-831 aligncenter" src="https://fabienne-weber.be/wp-content/uploads/2019/05/slide03.jpg" alt="" width="1024" height="454" srcset="https://fabienne-weber.be/wp-content/uploads/2019/05/slide03.jpg 1024w, https://fabienne-weber.be/wp-content/uploads/2019/05/slide03-300x133.jpg 300w, https://fabienne-weber.be/wp-content/uploads/2019/05/slide03-768x341.jpg 768w" sizes="(max-width: 1024px) 100vw, 1024px" /></p>
<p style="text-align: center;">LA LIBÉRATION DU PÉRICARDE</p>
<p style="text-align: center;"><strong>« Si nous sommes dans le cœur nous ne sommes plus dans nos peurs »</strong></p>
<h3><span style="color: #993300;"><strong>Le péricarde est l&rsquo;enveloppe du cœur.</strong></span></h3>
<h4>Il le soutient et le protège des chocs non seulement physiques mais aussi émotionnels.</h4>
<h4>A chaque émotion, peur, stress, … sa contraction va se répercuter sur tout notre organisme et perturber tous les systèmes du corps provoquant beaucoup de pathologies dites psychosomatiques.</h4>
<h4>Après une séance, le péricarde se libère de ses tensions. Il reprend son expansion.</h4>
<h4>L’<strong>énergie circule</strong> à nouveau et les facultés d&rsquo;auto-guérison de la personne se remettent en action.</h4>
<h4>Les systèmes organiques reprennent leurs <strong>équilibres</strong> fonctionnels sur les plans circulatoire, respiratoire, neuronal, lymphatique, immunitaire etc.…</h4>
<h3></h3>
<h3><span style="color: #993300;"><strong>Les bienfaits</strong></span></h3>
<h4>Se connecter à la liberté d’ÊTRE qui nous sommes, à la joie. Dénouer les nœuds, les impacts émotionnels et permettre à l’énergie vitale de circuler librement. Les relations avec l’autre trouveront, ou retrouveront, un nouvel espace. Dès la première séance, vous devriez ressentir une grande détente, un lâcher prise et une sensation de liberté.</h4>
<h4><em>Formée par Montserrat Gascon</em></h4>
<h4><span style="color: #993300;"><strong>Soin de libération du Péricarde (humain) : 1h &#8211; 70 €</strong></span></h4>
<h4><span style="color: #993300;"><strong>Soin de libération du Péricarde (humain &amp; équin) : 1h45 &#8211; 120€ (ce prix comprend les 2 soins +20€ pour</strong><b><strong> le trajet) </strong></b></span></h4>
<h4><span style="color: #993300;"><strong>Soin de libération du Péricarde (humain &amp; chien) : 1h30 &#8211; 110€ à Uccle (ce prix comprend les 2 soins)</strong></span></h4>
<p style="text-align: center;"><img decoding="async" loading="lazy" class="wp-image-1648 size-full aligncenter" src="https://fabienne-weber.be/wp-content/uploads/2022/12/P1033399.jpg" alt="" width="1600" height="902" srcset="https://fabienne-weber.be/wp-content/uploads/2022/12/P1033399.jpg 1600w, https://fabienne-weber.be/wp-content/uploads/2022/12/P1033399-300x169.jpg 300w, https://fabienne-weber.be/wp-content/uploads/2022/12/P1033399-1024x577.jpg 1024w, https://fabienne-weber.be/wp-content/uploads/2022/12/P1033399-768x433.jpg 768w, https://fabienne-weber.be/wp-content/uploads/2022/12/P1033399-1536x866.jpg 1536w" sizes="(max-width: 1600px) 100vw, 1600px" /></p>

<p>LA LIBÉRATION DU PÉRICARDE « Si nous sommes dans le cœur nous ne sommes plus dans nos peurs » Le péricarde est l&rsquo;enveloppe du cœur. Il le soutient et le protège des chocs non seulement physiques mais aussi émotionnels. A &hellip; <a href="https://fabienne-weber.be/index.php/soins/la-liberation-du-pericarde/">Lire la suite­­</a></p>
