{"id":78,"date":"2017-10-22T19:52:37","date_gmt":"2017-10-22T17:52:37","guid":{"rendered":"http:\/\/fabienne-weber.be\/?page_id=78"},"modified":"2023-01-09T11:43:56","modified_gmt":"2023-01-09T10:43:56","slug":"contact","status":"publish","type":"page","link":"https:\/\/fabienne-weber.be\/index.php\/contact\/","title":{"rendered":"Contact"},"content":{"rendered":"<p>&nbsp;<\/p>\n<p>&nbsp;<\/p>\n<p><!-- [contact-form-7 id=\"1221\" title=\"CONTACT\"] --><\/p>\n<p>&nbsp;<\/p>\n<h3>Plus d&rsquo;infos<\/h3>\n<p>&nbsp;<\/p>\n<p><strong>Contact :<\/strong><\/p>\n<p><strong><a href=\"mailto:fweberpericarde@gmail.com\">fweberpericarde@gmail.com<\/a><\/strong><\/p>\n<p><strong>Adresse : <\/strong>12, avenue du Vossegat 1180 Bruxelles<\/p>\n<p><strong>T\u00e9l\u00e9phone : <\/strong>+32 (0) 473 933 912<\/p>\n<p>&nbsp;<\/p>\n<p><img decoding=\"async\" loading=\"lazy\" class=\"alignnone wp-image-1655 size-thumbnail\" src=\"https:\/\/fabienne-weber.be\/wp-content\/uploads\/2022\/12\/240766400_10227343909723929_150687428068050453_n-150x150.jpg\" alt=\"\" width=\"150\" height=\"150\" srcset=\"https:\/\/fabienne-weber.be\/wp-content\/uploads\/2022\/12\/240766400_10227343909723929_150687428068050453_n-150x150.jpg 150w, https:\/\/fabienne-weber.be\/wp-content\/uploads\/2022\/12\/240766400_10227343909723929_150687428068050453_n-298x300.jpg 298w, https:\/\/fabienne-weber.be\/wp-content\/uploads\/2022\/12\/240766400_10227343909723929_150687428068050453_n.jpg 454w\" sizes=\"(max-width: 150px) 100vw, 150px\" \/><\/p>\n<p>&nbsp;<\/p>\n<h3><strong>Ma motivation\u00a0:<\/strong><\/h3>\n<p>J\u2019aime aider les personnes que je rencontre \u00e0 prendre conscience de l&rsquo;importance de vivre pleinement leur mission de vie, que chacun puisse s\u2019exprimer et communiquer sur ce qu\u2019il vit et ce qui compte pour lui.<\/p>\n<p>Apr\u00e8s un parcours classique, j\u2019ai fait des \u00e9tudes artistiques ; le langage des couleurs m\u2019accompagne et me guide.<\/p>\n<p>Je me vois comme une chercheuse motiv\u00e9e par toutes ces questions\u00a0: Qu\u2019est-ce que la Vie ? Comment fonctionne-t-elle\u00a0? Quelle est notre \u00a0mission sur terre\u00a0? Comment se relier \u00e0 sa vraie nature\u00a0et se r\u00e9aliser?<\/p>\n<p>Au travers des voyages, th\u00e9rapies, m\u00e9ditations et de multiples formations j\u2019ai trouv\u00e9 des r\u00e9ponses \u00e0 ces questions.<\/p>\n<p>Je cr\u00e9e\u00a0 l&rsquo;harmonie quand je peins un tableau , je la r\u00e9\u00e9quilibre quand je donne un soin.<\/p>\n<p>&nbsp;<\/p>\n<p>Plusieurs formations m\u2019ont permis d\u2019avoir une approche plus globale du bien-\u00eatre:<\/p>\n<p><strong>&#8211; Shiatsu \u00e9cole reconnue par la fondation de shiatsu,<\/strong><\/p>\n<p><strong>&#8211; Lib\u00e9ration du P\u00e9ricarde, form\u00e9e par Montserrat Gascon,<\/strong><\/p>\n<p><strong>&#8211; Soin \u00e9nerg\u00e9tique m\u00e9tatronique,<\/strong><\/p>\n<p><strong>&#8211; Communication intuitive avec les animaux,<\/strong><\/p>\n<p><strong>&#8211; Cranio Sacr\u00e9,<\/strong><\/p>\n<p><strong>&#8211; R\u00e9flexologie,<\/strong><\/p>\n<p><strong>&#8211; Reiki,<\/strong><\/p>\n<p><strong>&#8211; Voie chamanique,<\/strong><\/p>\n<p><strong>&#8211; Danse des \u00e9nergies,\u2026<\/strong><\/p>\n<p><strong>&#8211; Soin de gu\u00e9rison de Serge Boutboul<\/strong><\/p>\n<p>&nbsp;<\/p>\n<p>&nbsp;<\/p>\n<div id=\"ConnectiveDocSignExtentionInstalled\" data-extension-version=\"1.0.4\"><\/div>\n","protected":false},"excerpt":{"rendered":"<p>&nbsp; &nbsp; &nbsp; Plus d&rsquo;infos &nbsp; Contact : fweberpericarde@gmail.com Adresse : 12, avenue du Vossegat 1180 Bruxelles T\u00e9l\u00e9phone : +32 (0) 473 933 912 &nbsp; &nbsp; Ma motivation\u00a0: J\u2019aime aider les personnes que je rencontre \u00e0 prendre conscience de l&rsquo;importance &hellip; <a href=\"https:\/\/fabienne-weber.be\/index.php\/contact\/\">Lire la suite\u00ad\u00ad<\/a><\/p>\n","protected":false},"author":1,"featured_media":0,"parent":0,"menu_order":0,"comment_status":"closed","ping_status":"closed","template":"","meta":{"kt_blocks_editor_width":""},"_links":{"self":[{"href":"https:\/\/fabienne-weber.be\/index.php\/wp-json\/wp\/v2\/pages\/78"}],"collection":[{"href":"https:\/\/fabienne-weber.be\/index.php\/wp-json\/wp\/v2\/pages"}],"about":[{"href":"https:\/\/fabienne-weber.be\/index.php\/wp-json\/wp\/v2\/types\/page"}],"author":[{"embeddable":true,"href":"https:\/\/fabienne-weber.be\/index.php\/wp-json\/wp\/v2\/users\/1"}],"replies":[{"embeddable":true,"href":"https:\/\/fabienne-weber.be\/index.php\/wp-json\/wp\/v2\/comments?post=78"}],"version-history":[{"count":64,"href":"https:\/\/fabienne-weber.be\/index.php\/wp-json\/wp\/v2\/pages\/78\/revisions"}],"predecessor-version":[{"id":1695,"href":"https:\/\/fabienne-weber.be\/index.php\/wp-json\/wp\/v2\/pages\/78\/revisions\/1695"}],"wp:attachment":[{"href":"https:\/\/fabienne-weber.be\/index.php\/wp-json\/wp\/v2\/media?parent=78"}],"curies":[{"name":"wp","href":"https:\/\/api.w.org\/{rel}","templated":true}]}}