{"id":778,"date":"2019-05-07T17:35:45","date_gmt":"2019-05-07T15:35:45","guid":{"rendered":"http:\/\/fabienne-weber.be\/?page_id=778"},"modified":"2022-12-29T10:01:58","modified_gmt":"2022-12-29T09:01:58","slug":"formation-liberation-du-pericarde-humain-et-equin","status":"publish","type":"page","link":"https:\/\/fabienne-weber.be\/index.php\/formation-liberation-du-pericarde-humain-et-equin\/","title":{"rendered":"Formation Lib\u00e9ration du p\u00e9ricarde Humain et Equin"},"content":{"rendered":"\r\n\r\n\r\n<p><img decoding=\"async\" loading=\"lazy\" class=\"size-full wp-image-951 aligncenter\" src=\"https:\/\/fabienne-weber.be\/wp-content\/uploads\/2019\/05\/slide08.jpg\" alt=\"\" width=\"1024\" height=\"454\" srcset=\"https:\/\/fabienne-weber.be\/wp-content\/uploads\/2019\/05\/slide08.jpg 1024w, https:\/\/fabienne-weber.be\/wp-content\/uploads\/2019\/05\/slide08-300x133.jpg 300w, https:\/\/fabienne-weber.be\/wp-content\/uploads\/2019\/05\/slide08-768x341.jpg 768w\" sizes=\"(max-width: 1024px) 100vw, 1024px\" \/><\/p>\r\n<p><strong>Formation Lib\u00e9ration du p\u00e9ricarde Humain et Equin<\/strong><\/p>\r\n\r\n\r\n\r\n<p>Pour cette formation aucun pr\u00e9 requis n\u2019est demand\u00e9, elle s\u2019adresse aux praticiens et aux personnes d\u00e9sireuses de se reconnecter avec le c\u0153ur. Je vous recommande de recevoir au moins un soin de Lib\u00e9ration du P\u00e9ricarde avant la formation pour ressentir la puissance de celui-ci.<br \/><strong>OBJECTIFS DE LA FORMATION \u2013 6 JOURS <\/strong><\/p>\r\n\r\n\r\n\r\n<p>Apprendre une <strong>m\u00e9thode de soins magnifique<br \/><\/strong>R\u00e9apprendre \u00e0 <strong>sentir La vie<\/strong>, La respecter et L\u2019accompagner dans sa lib\u00e9ration. La reconna\u00eetre en nous et en tous les Etres vivants.<\/p>\r\n\r\n\r\n\r\n<p><strong>Se familiariser <\/strong>par le toucher, <strong>\u00e0 la danse de La Vie<\/strong>, et aux param\u00e8tres qui la caract\u00e9risent: direction, amplitude, rythme et ordre.<br \/><strong>Lib\u00e9rer le P\u00e9ricarde <\/strong>comme porte d\u2019entr\u00e9e principale des \u00e9motions et le lieu de rencontre sp\u00e9cifique entre le Corps, l\u2019\u00c2me et l\u2019Esprit. Le lib\u00e9rer avec nos mains, notre pr\u00e9sence, nos mots et avec l\u2019\u00e9nergie de notre C\u0153ur. Nous verrons comment d\u00e9nouer les blocages et permettre \u00e0 nouveau \u00e0 l\u2019\u00e9nergie vitale de circuler librement. <strong>Apprendre <\/strong>\u00e0 avoir <strong>un bon ancrage <\/strong>et \u00e0 nous <strong>prot\u00e9ger<\/strong>. Il est important de ne pas prendre les probl\u00e8mes \u00e9nerg\u00e9tiques des autres ni de transmettre les n\u00f4tres.<br \/>Rencontrer <strong>les guides <\/strong>et les mots de force, pour les <strong>humains <\/strong>et les <strong>animaux.<br \/><\/strong>Apprendre \u00e0 ressentir les \u00e9nergies d\u2019un <strong>lieu <\/strong>et pouvoir <strong>l\u2019harmoniser.<br \/><\/strong>Apr\u00e8s cette formation vous pourrez adapter ce soin \u00e0 tous les Etres vivants.<\/p>\r\n\r\n\r\n\r\n<p>&nbsp;<\/p>\r\n\r\n\r\n\r\n<p><strong>OBJECTIFS <\/strong><\/p>\r\n\r\n\r\n\r\n<p><strong>\u2022 <\/strong>Rencontrer <strong>les guides <\/strong>et les mots de force pour les animaux.<br \/>\u2022 Soins sur <strong>les chevaux <\/strong>+ nouveau protocole que vous pourrez adapter \u00e0 tous les <strong>animaux. <\/strong>\u2022 Apprendre \u00e0 ressentir les \u00e9nergies d\u2019un <strong>lieu <\/strong>et pouvoir <strong>l\u2019harmoniser <\/strong><\/p>\r\n\r\n\r\n\r\n<p><strong><em>Approfondissement: 2 jours <\/em><\/strong><\/p>\r\n\r\n\r\n\r\n<p><strong>Approfondir <\/strong>les diff\u00e9rentes \u00e9tapes du soin.<br \/>Pouvoir sortir du cadre du protocole en relation avec les blocages, l\u2019expression de l\u2019\u00e9nergie vitale. <strong>Protocole court <\/strong>pour les situations d\u2019urgence : comment faire un soin sans table<br \/>\u00c9largir notre champ de conscience \u00e0 la nature, <strong>exp\u00e9rimenter un soin avec les arbres.<br \/><\/strong>Initiation \u00e0 <strong>la communication extrasensorielle <\/strong>avec les animaux.<\/p>\r\n\r\n\r\n\r\n<pre class=\"wp-block-preformatted\">\u00a0<\/pre>\r\n\r\n\r\n<hr class=\"wp-block-separator has-css-opacity\" \/>\r\n\r\n\r\n<pre class=\"wp-block-preformatted\">\u00a0<\/pre>\r\n","protected":false},"excerpt":{"rendered":"<p>Formation Lib\u00e9ration du p\u00e9ricarde Humain et Equin Pour cette formation aucun pr\u00e9 requis n\u2019est demand\u00e9, elle s\u2019adresse aux praticiens et aux personnes d\u00e9sireuses de se reconnecter avec le c\u0153ur. Je vous recommande de recevoir au moins un soin de Lib\u00e9ration &hellip; <a href=\"https:\/\/fabienne-weber.be\/index.php\/formation-liberation-du-pericarde-humain-et-equin\/\">Lire la suite\u00ad\u00ad<\/a><\/p>\n","protected":false},"author":1,"featured_media":787,"parent":0,"menu_order":0,"comment_status":"closed","ping_status":"closed","template":"","meta":{"kt_blocks_editor_width":""},"_links":{"self":[{"href":"https:\/\/fabienne-weber.be\/index.php\/wp-json\/wp\/v2\/pages\/778"}],"collection":[{"href":"https:\/\/fabienne-weber.be\/index.php\/wp-json\/wp\/v2\/pages"}],"about":[{"href":"https:\/\/fabienne-weber.be\/index.php\/wp-json\/wp\/v2\/types\/page"}],"author":[{"embeddable":true,"href":"https:\/\/fabienne-weber.be\/index.php\/wp-json\/wp\/v2\/users\/1"}],"replies":[{"embeddable":true,"href":"https:\/\/fabienne-weber.be\/index.php\/wp-json\/wp\/v2\/comments?post=778"}],"version-history":[{"count":9,"href":"https:\/\/fabienne-weber.be\/index.php\/wp-json\/wp\/v2\/pages\/778\/revisions"}],"predecessor-version":[{"id":1656,"href":"https:\/\/fabienne-weber.be\/index.php\/wp-json\/wp\/v2\/pages\/778\/revisions\/1656"}],"wp:featuredmedia":[{"embeddable":true,"href":"https:\/\/fabienne-weber.be\/index.php\/wp-json\/wp\/v2\/media\/787"}],"wp:attachment":[{"href":"https:\/\/fabienne-weber.be\/index.php\/wp-json\/wp\/v2\/media?parent=778"}],"curies":[{"name":"wp","href":"https:\/\/api.w.org\/{rel}","templated":true}]}}