{"id":74,"date":"2017-10-22T19:52:19","date_gmt":"2017-10-22T17:52:19","guid":{"rendered":"http:\/\/fabienne-weber.be\/?page_id=74"},"modified":"2022-12-27T14:48:09","modified_gmt":"2022-12-27T13:48:09","slug":"soins","status":"publish","type":"page","link":"https:\/\/fabienne-weber.be\/index.php\/soins\/","title":{"rendered":"Soins"},"content":{"rendered":"\r\n\r\n\r\n<figure class=\"wp-block-image\"><img decoding=\"async\" loading=\"lazy\" class=\"wp-image-782\" src=\"http:\/\/fabienne-weber.be\/wp-content\/uploads\/2019\/05\/LiberationPericarde-1024x768.jpg\" alt=\"\" width=\"626\" height=\"469\" srcset=\"https:\/\/fabienne-weber.be\/wp-content\/uploads\/2019\/05\/LiberationPericarde.jpg 1024w, https:\/\/fabienne-weber.be\/wp-content\/uploads\/2019\/05\/LiberationPericarde-300x225.jpg 300w, https:\/\/fabienne-weber.be\/wp-content\/uploads\/2019\/05\/LiberationPericarde-768x576.jpg 768w, https:\/\/fabienne-weber.be\/wp-content\/uploads\/2019\/05\/LiberationPericarde-510x382.jpg 510w\" sizes=\"(max-width: 626px) 100vw, 626px\" \/><\/figure>\r\n\r\n\r\n\r\n<h2>LA LIB\u00c9RATION DU P\u00c9RICARDE<\/h2>\r\n\r\n\r\n\r\n<blockquote class=\"wp-block-quote\">\r\n<p><strong>\u00ab Si nous sommes dans le c\u0153ur nous ne sommes plus dans nos peurs \u00bb<\/strong><\/p>\r\n\r\n\r\n\r\n<p>. . .<\/p>\r\n<cite><a href=\"https:\/\/fabienne-weber.be\/index.php\/soins\/la-liberation-du-pericarde\/\">lire la suite . . .<\/a><\/cite><\/blockquote>\r\n\r\n\r\n\r\n<pre class=\"wp-block-preformatted\">\u00a0<\/pre>\r\n\r\n\r\n<hr class=\"wp-block-separator has-css-opacity\" \/>\r\n\r\n\r\n<figure class=\"wp-block-image\"><\/figure>\r\n\r\n\r\n\r\n<h2><img decoding=\"async\" loading=\"lazy\" class=\"alignnone  wp-image-921\" src=\"http:\/\/fabienne-weber.be\/wp-content\/uploads\/2019\/05\/SoinsEnergetiquesMetatroniques-1-300x225.jpg\" alt=\"\" width=\"625\" height=\"469\" srcset=\"https:\/\/fabienne-weber.be\/wp-content\/uploads\/2019\/05\/SoinsEnergetiquesMetatroniques-1-300x225.jpg 300w, https:\/\/fabienne-weber.be\/wp-content\/uploads\/2019\/05\/SoinsEnergetiquesMetatroniques-1-768x576.jpg 768w, https:\/\/fabienne-weber.be\/wp-content\/uploads\/2019\/05\/SoinsEnergetiquesMetatroniques-1.jpg 1024w, https:\/\/fabienne-weber.be\/wp-content\/uploads\/2019\/05\/SoinsEnergetiquesMetatroniques-1-510x382.jpg 510w\" sizes=\"(max-width: 625px) 100vw, 625px\" \/><\/h2>\r\n<h2>SOIN \u00c9NERG\u00c9TIQUE M\u00c9TATRONIQUE<\/h2>\r\n\r\n\r\n\r\n<blockquote class=\"wp-block-quote\">\r\n<p><strong>Retrouver son Essence<\/strong><\/p>\r\n<cite> . . . <br \/><br \/><a href=\"https:\/\/fabienne-weber.be\/index.php\/soins\/soin-energetique-metatronique\/\">lire la suite . . . <\/a><\/cite><\/blockquote>\r\n\r\n\r\n\r\n<pre class=\"wp-block-preformatted\">\u00a0<\/pre>\r\n\r\n\r\n<hr class=\"wp-block-separator has-css-opacity\" \/>\r\n\r\n\r\n<figure class=\"wp-block-image\"><img decoding=\"async\" loading=\"lazy\" class=\"wp-image-789\" src=\"http:\/\/fabienne-weber.be\/wp-content\/uploads\/2019\/05\/MassagesShiatsuZen-1-1024x768.jpg\" alt=\"\" width=\"625\" height=\"469\" srcset=\"https:\/\/fabienne-weber.be\/wp-content\/uploads\/2019\/05\/MassagesShiatsuZen-1.jpg 1024w, https:\/\/fabienne-weber.be\/wp-content\/uploads\/2019\/05\/MassagesShiatsuZen-1-300x225.jpg 300w, https:\/\/fabienne-weber.be\/wp-content\/uploads\/2019\/05\/MassagesShiatsuZen-1-768x576.jpg 768w, https:\/\/fabienne-weber.be\/wp-content\/uploads\/2019\/05\/MassagesShiatsuZen-1-510x382.jpg 510w\" sizes=\"(max-width: 625px) 100vw, 625px\" \/><\/figure>\r\n\r\n\r\n\r\n<h2>LE SHIATSU<\/h2>\r\n\r\n\r\n\r\n<blockquote class=\"wp-block-quote\">\r\n<p><strong>Le massage shiatsu prend racine dans la m\u00e9decine traditionnelle chinoise.<\/strong><\/p>\r\n<cite> . . . <br \/><br \/><a href=\"https:\/\/fabienne-weber.be\/index.php\/soins\/shiatsu\/\">lire la suite . . . <\/a><\/cite><\/blockquote>\r\n\r\n\r\n\r\n<pre class=\"wp-block-preformatted\">\u00a0<\/pre>\r\n\r\n\r\n<hr class=\"wp-block-separator has-css-opacity\" \/>\r\n\r\n\r\n<p>&nbsp;<\/p>\r\n","protected":false},"excerpt":{"rendered":"<p>LA LIB\u00c9RATION DU P\u00c9RICARDE \u00ab Si nous sommes dans le c\u0153ur nous ne sommes plus dans nos peurs \u00bb . . . lire la suite . . . \u00a0 SOIN \u00c9NERG\u00c9TIQUE M\u00c9TATRONIQUE Retrouver son Essence . . . lire la &hellip; <a href=\"https:\/\/fabienne-weber.be\/index.php\/soins\/\">Lire la suite\u00ad\u00ad<\/a><\/p>\n","protected":false},"author":1,"featured_media":0,"parent":0,"menu_order":0,"comment_status":"closed","ping_status":"closed","template":"","meta":{"kt_blocks_editor_width":""},"_links":{"self":[{"href":"https:\/\/fabienne-weber.be\/index.php\/wp-json\/wp\/v2\/pages\/74"}],"collection":[{"href":"https:\/\/fabienne-weber.be\/index.php\/wp-json\/wp\/v2\/pages"}],"about":[{"href":"https:\/\/fabienne-weber.be\/index.php\/wp-json\/wp\/v2\/types\/page"}],"author":[{"embeddable":true,"href":"https:\/\/fabienne-weber.be\/index.php\/wp-json\/wp\/v2\/users\/1"}],"replies":[{"embeddable":true,"href":"https:\/\/fabienne-weber.be\/index.php\/wp-json\/wp\/v2\/comments?post=74"}],"version-history":[{"count":9,"href":"https:\/\/fabienne-weber.be\/index.php\/wp-json\/wp\/v2\/pages\/74\/revisions"}],"predecessor-version":[{"id":1619,"href":"https:\/\/fabienne-weber.be\/index.php\/wp-json\/wp\/v2\/pages\/74\/revisions\/1619"}],"wp:attachment":[{"href":"https:\/\/fabienne-weber.be\/index.php\/wp-json\/wp\/v2\/media?parent=74"}],"curies":[{"name":"wp","href":"https:\/\/api.w.org\/{rel}","templated":true}]}}