{"id":1448,"date":"2022-11-08T13:00:00","date_gmt":"2022-11-08T12:00:00","guid":{"rendered":"https:\/\/fabienne-weber.be\/?page_id=1448"},"modified":"2023-01-30T13:40:53","modified_gmt":"2023-01-30T12:40:53","slug":"coeur-apaise","status":"publish","type":"page","link":"https:\/\/fabienne-weber.be\/index.php\/coeur-apaise\/","title":{"rendered":"UN C\u0152UR APAIS\u00c9"},"content":{"rendered":"<p><img decoding=\"async\" loading=\"lazy\" class=\"size-full aligncenter\" src=\"https:\/\/fabienne-weber.be\/wp-content\/uploads\/2022\/11\/slide07-1024x454-1.jpg\" width=\"1024\" height=\"454\" \/><\/p>\n<p style=\"text-align: center;\">UN C\u0152UR APAIS\u00c9<\/p>\n<h3 style=\"text-align: left;\">Ce soin s\u2019adresse aux personnes qui sont pr\u00eates \u00e0 passer de l\u2019autre c\u00f4t\u00e9 du voile et \u00e0 celles qui appr\u00e9hendent ce moment, quelque soit les circonstances.<\/h3>\n<h3 style=\"text-align: left;\">Ma posture consiste \u00e0 offrir essentiellement une pr\u00e9sence bienveillante, apaisante, s\u00e9curisante; une \u00e9coute active et une lib\u00e9ration de la parole.<\/h3>\n<h3 style=\"text-align: left;\">Pour les non communicants une communication intuitive.<\/h3>\n<h3 style=\"text-align: left;\">Lorsque la vie quitte peu \u00e0 peu le corps, l\u2019\u00e9nergie remonte doucement du bas vers le haut pour rejoindre l\u2019\u00e9nergie universelle.<\/h3>\n<h3><span style=\"color: #a01300;\"><strong>Le soin:<\/strong><\/span><\/h3>\n<h3>&#8211; Harmonisation et r\u00e9alignement des chakras.<\/h3>\n<h3>&#8211; R\u00e9paration et pacification du corps physique et des corps subtils.<\/h3>\n<h3>&#8211; R\u00e9conciliation C\u0153ur\/ \u00c2me\/ Esprit.<\/h3>\n<h3>&#8211; Faire la paix en soi.<\/h3>\n<h3><strong><span style=\"color: #a01300;\">Les bienfaits :<\/span><\/strong><\/h3>\n<h3>&#8211; D\u00e9nouer les n\u0153uds, les impacts \u00e9motionnels et permettre \u00e0 l&rsquo;\u00e9nergie vitale de circuler.<\/h3>\n<h3>&#8211; La personne se sent plus en confiance, plus apais\u00e9e.<\/h3>\n<h3><span style=\"color: #a01300;\"><strong>Dur\u00e9e du soin selon les personnes.<\/strong><\/span><\/h3>\n<h3><span style=\"color: #a01300;\"><strong>D\u00e9fraiement\u2009:<\/strong><\/span><\/h3>\n<h3><span style=\"color: #a01300;\"><strong> Soin\u2009: 80 \u20ac<\/strong><\/span><\/h3>\n<h3><span style=\"color: #a01300;\"><strong>Trajet\u2009: 0,7 \u20ac\/km<\/strong><\/span><\/h3>\n<p>&#8212;<\/p>\n","protected":false},"excerpt":{"rendered":"<p>UN C\u0152UR APAIS\u00c9 Ce soin s\u2019adresse aux personnes qui sont pr\u00eates \u00e0 passer de l\u2019autre c\u00f4t\u00e9 du voile et \u00e0 celles qui appr\u00e9hendent ce moment, quelque soit les circonstances. Ma posture consiste \u00e0 offrir essentiellement une pr\u00e9sence bienveillante, apaisante, s\u00e9curisante; &hellip; <a href=\"https:\/\/fabienne-weber.be\/index.php\/coeur-apaise\/\">Lire la suite\u00ad\u00ad<\/a><\/p>\n","protected":false},"author":1,"featured_media":0,"parent":0,"menu_order":0,"comment_status":"closed","ping_status":"closed","template":"","meta":{"kt_blocks_editor_width":""},"_links":{"self":[{"href":"https:\/\/fabienne-weber.be\/index.php\/wp-json\/wp\/v2\/pages\/1448"}],"collection":[{"href":"https:\/\/fabienne-weber.be\/index.php\/wp-json\/wp\/v2\/pages"}],"about":[{"href":"https:\/\/fabienne-weber.be\/index.php\/wp-json\/wp\/v2\/types\/page"}],"author":[{"embeddable":true,"href":"https:\/\/fabienne-weber.be\/index.php\/wp-json\/wp\/v2\/users\/1"}],"replies":[{"embeddable":true,"href":"https:\/\/fabienne-weber.be\/index.php\/wp-json\/wp\/v2\/comments?post=1448"}],"version-history":[{"count":25,"href":"https:\/\/fabienne-weber.be\/index.php\/wp-json\/wp\/v2\/pages\/1448\/revisions"}],"predecessor-version":[{"id":1704,"href":"https:\/\/fabienne-weber.be\/index.php\/wp-json\/wp\/v2\/pages\/1448\/revisions\/1704"}],"wp:attachment":[{"href":"https:\/\/fabienne-weber.be\/index.php\/wp-json\/wp\/v2\/media?parent=1448"}],"curies":[{"name":"wp","href":"https:\/\/api.w.org\/{rel}","templated":true}]}}